(-26)/(-3)*(-945)/l. Calculate the highest common divisor of x and 39.
39
Suppose 45*c = 47*c - 3*v - 23, -5*c = 4*v - 23. Calculate the greatest common divisor of c and 3269.
7
Suppose 19*p - 183 = 16*p. Suppose 2*t + 3*y = p, 5*t + 2*y - 167 = 13. What is the highest common factor of t and 95?
19
Suppose 7*a - 10*a + 5*x = -243, 5*a + 3*x - 371 = 0. Suppose -75*v + a*v - 16 = 0. What is the greatest common factor of v and 24?
8
Let p be (((-2610)/40)/(-3))/((-2)/24). Let a = p + 264. What is the greatest common factor of a and 6?
3
Suppose -193 + 53 = 35*r. Let n be (9/r)/(1/(-192)). Calculate the greatest common factor of 48 and n.
48
Let c be -28 - (-43 - -18) - (-14)/2. What is the greatest common divisor of c and 92?
4
Let j(c) = -c**2 - 11*c - c**2 + 38*c - 69 + 4*c**2. Let z be j(-17). Calculate the greatest common factor of 10 and z.
10
Let x(q) = 100*q + 4125. Let o be x(-41). Let t = 0 - 0. Let s = t - -25. What is the greatest common factor of s and o?
25
Let k(c) = -20 + 19*c - 7*c + 5*c**2 + 16. Let b be k(-3). Suppose -2*r + 55 = w, 5*r - 2 = b*w + 113. Calculate the highest common factor of r and 26.
26
Let t be 8/18 - (-123)/27. Suppose t*y + 3*z - 13 - 7 = 0, -y = -5*z - 4. Calculate the greatest common divisor of 28 and y.
4
Suppose 0 = 84*q - 83*q + 571. Let x = 583 + q. Let j be 4/14 - 250/(-7). What is the highest common divisor of j and x?
12
Suppose 0 = j - 38 - 71. Suppose 3*q - j - 53 = 0. Let t = -28 + q. What is the greatest common divisor of 39 and t?
13
Let n = -93 - -22. Let b be (-438)/8 + 3 + (-30)/24. Let a = b - n. Calculate the highest common divisor of 144 and a.
18
Let m be 0 + 1 + 4 + 3131 + -34. Calculate the highest common divisor of m and 55.
11
Let r = -541 + 543. Suppose -q + 2*a + 6 = -10, 0 = 2*q - r*a - 26. Calculate the greatest common divisor of q and 310.
10
Let l be 13 + 12 + 1783 + -8. Calculate the greatest common divisor of l and 288.
72
Suppose 14*h + 51649 - 5029 = 125*h. What is the highest common factor of h and 260?
20
Suppose -8*q = -27*q + 19. Let m be (4 + q)*1020/50. What is the greatest common factor of 12 and m?
6
Let i(z) = z**3 - 54*z**2 - 146*z - 225. Let f be i(57). Calculate the highest common factor of f and 96.
48
Let j(c) = -21*c**3 - 7*c**2 - 35*c - 5. Let z be j(-5). What is the greatest common factor of z and 10?
10
Suppose -29*v + 120*v - 6360 - 73083 = 0. Calculate the highest common factor of 776 and v.
97
Let u = 7 - -11. Suppose 4*r = -3*g + 63 - 5, 4*g = 3*r + 44. Let j = g + u. What is the highest common divisor of 80 and j?
16
Suppose a = 532 + 622. Calculate the highest common divisor of a and 2.
2
Let m be -10 - (-4515)/(-86)*120/(-9). What is the highest common factor of m and 280?
10
Let u be 42/(18*3/12)*45. Let t = -401 + u. What is the greatest common divisor of t and 532?
19
Let h = -174 + 184. Suppose h*n - 5*n - 972 = -3*f, -3*f - n = -960. What is the greatest common factor of 29 and f?
29
Let b be (-28384)/(-2) - (-136)/17. Suppose 29*a + 2600 = b. What is the greatest common factor of a and 16?
16
Suppose -8*a + 11*a = 3, -4*z + 2*a + 526 = 0. What is the greatest common factor of z and 15?
3
Suppose 2*i = 5*k + i - 135, -4*i + 54 = 2*k. Suppose -1773*g - 63 = -1780*g. What is the highest common factor of g and k?
9
Suppose -y - 3*a = 3*y - 3213, -3*y + a = -2387. Calculate the greatest common divisor of 938 and y.
14
Let p(q) = -41*q + 1017. Let n be p(24). Calculate the greatest common factor of n and 34.
1
Let f(s) = 287*s + 1329. Let i be f(17). Calculate the highest common factor of i and 194.
194
Let v be 0/((-9)/((-9)/(-5))). Suppose -2*i - 47 = c - 2*c, -3*c - 2*i + 173 = v. What is the greatest common factor of c and 44?
11
Let p = -13147 + 14672. Calculate the highest common divisor of p and 122.
61
Let u(p) = p**2 - 16*p - 149. Let a be u(27). Calculate the highest common factor of a and 160.
4
Let b = -223 - -149. Let l = b + 131. Let c(j) = -j**3 - 20*j**2 - 2*j - 21. Let d be c(-20). What is the greatest common divisor of l and d?
19
Let q be ((-1715)/(-17) - -7) + 2/17. What is the highest common divisor of 288 and q?
36
Let v(a) = 2*a**2 + 13*a - 13. Let o be v(-7). Let r be ((-20)/(-25))/(o/(-15)). Calculate the highest common factor of 2 and r.
2
Let j be ((-45)/(-6))/(1/6). Let i = -9 - -129. What is the greatest common divisor of j and i?
15
Let u be (-1)/(-4) + (-759)/92. Let h be 2*(u - -4)/4 - 2. Let l be (50 - (h/4 + 2))*1. What is the greatest common divisor of l and 7?
7
Let h(s) = s**2 - 165. Let l be h(0). Let a be (-2)/(-8) - l/(-4). Let i = a + 75. Calculate the highest common divisor of 102 and i.
34
Let w(p) = 5*p**3 + 11*p**2 - 3*p - 8. Let t be w(-5). Let q = t - -361. Calculate the greatest common factor of q and 153.
9
Suppose 439*d = 433*d + 168. Suppose 27*f - 3*k - 38 = 23*f, -2*f + d = 3*k. What is the highest common divisor of f and 451?
11
Let o = -77 - -103. Suppose -4*p - 2*b + 514 = 0, -3*b + 0*b - 9 = 0. What is the greatest common factor of p and o?
26
Let k(a) = -71*a + 33. Let c be k(-1). Calculate the greatest common factor of c and 4472.
104
Let k(m) = 33*m - 280. Let x be k(9). Let l = 179 - x. What is the greatest common divisor of l and 135?
27
Suppose -18*a + 8*c - 9*c + 1358 = 0, a = c + 67. Calculate the highest common divisor of 4575 and a.
75
Suppose 15*c = 78*c - 98988 - 128820. What is the highest common factor of c and 8?
8
Let p = 377 + -125. Suppose 421*r + 34 = 423*r + 3*q, 38 = 3*r - 2*q. What is the greatest common factor of p and r?
14
Let s(z) = -17*z**2 + 7 + 4*z**2 - 26*z + 5*z**2 - z**3. Let f be s(-10). Suppose -95 = 4*g - f. Calculate the greatest common divisor of 62 and g.
31
Let t(z) = 44*z**2 + 32*z + 3. Let h be t(-1). What is the highest common divisor of 2799 and h?
3
Suppose 24*k + 3*u = 29*k - 62430, 4*u + 49936 = 4*k. What is the greatest common divisor of 23 and k?
23
Suppose -1412 - 1381 = -68*t + 19*t. Calculate the highest common divisor of 3401 and t.
19
Let s be 19/(-57) - (-938)/6. Let q(z) = -2*z - 28. Let b be -16 - ((-50)/(-14) + 6/14). Let f be q(b). What is the greatest common factor of s and f?
12
Suppose -5*j + 15 = 0, 6*l = 3*l - 5*j + 291. Let f(c) = 102*c - 4271. Let t be f(43). What is the highest common divisor of t and l?
23
Let l(s) = 2*s**3 - 5*s**2 - 3*s + 2. Let h be l(2). Let u be ((-18)/(17 + h))/((-4)/18). Calculate the greatest common factor of 63 and u.
9
Suppose 4*t = 5*l + 163, -2*l + 3*l = -4*t + 169. Let u = 48392 - 48380. What is the highest common factor of t and u?
6
Suppose -55 = -86*t + 75*t. Suppose 4*u = -2*k + 7*k - 340, t*k = 5*u + 335. What is the highest common factor of k and 16?
8
Let p be (-3 - 0) + 186/15*325/10. What is the highest common factor of 60 and p?
20
Suppose 3*w - 3*m + 15 = 0, 4*w + 4*m = -0*m - 52. Let j be (5*(-12)/w)/((-1)/(-12)). What is the highest common divisor of 16 and j?
16
Suppose -53*x = -4*a - 51*x + 24608, 0 = -4*a + 5*x + 24620. Suppose -24*w + 330 = -a. Calculate the greatest common divisor of w and 10.
10
Suppose -3*q + 7*r = 3*r - 20, 4*q + 10 = -2*r. Suppose -8*u - 219 + 747 = q. What is the greatest common factor of 99 and u?
33
Suppose 0 = h - 3*g + 5*g - 13, 0 = 4*h - g - 16. Suppose -36 - 11 = -2*a + 5*p, h*a - 68 = -4*p. Calculate the highest common divisor of 48 and a.
16
Let y = 34 + -33. Let j(w) = -40*w + 2. Let a be j(y). Let g = a + 42. What is the greatest common factor of g and 12?
4
Let r(p) = -p**3 + 22*p**2 - p + 10. Let b be r(22). Let a be ((-17)/b - 6/36)*4. Suppose -297 = -a*s - 97. What is the greatest common divisor of 200 and s?
40
Suppose -48 = 3*t - 7*t. Suppose -3*g - 2624 = -44*g. Suppose -950 + 7094 = g*y. What is the highest common divisor of t and y?
12
Suppose -18 = -14*q + 5*q. Suppose 0 = -m + 3 - 0, 0 = 4*g - q*m - 26. What is the highest common factor of 12 and g?
4
Let f(d) = 4002*d + 1225. Let z be f(4). What is the greatest common divisor of z and 19?
19
Suppose 455 = 5*c - 5*w, 1079 = -3*c - 5*w + 1296. What is the greatest common divisor of 8 and c?
4
Let n(z) = -72*z + 322. Let j be n(1). Calculate the greatest common divisor of j and 100.
50
Suppose 88060 = 4*r + 4*k, -85*r + 66053 = -82*r + 2*k. What is the greatest common factor of r and 9